{"id":160,"date":"2015-06-28T06:48:24","date_gmt":"2015-06-28T06:48:24","guid":{"rendered":"http:\/\/www3.facturehoy.com\/?page_id=160"},"modified":"2025-06-25T17:34:55","modified_gmt":"2025-06-25T23:34:55","slug":"aviso-de-privacidad","status":"publish","type":"page","link":"https:\/\/www3.facturehoy.com\/home\/aviso-de-privacidad\/","title":{"rendered":"AVISO DE PRIVACIDAD"},"content":{"rendered":"\t\t<div data-elementor-type=\"wp-page\" data-elementor-id=\"160\" class=\"elementor elementor-160\" data-elementor-post-type=\"page\">\n\t\t\t\t\t\t<section class=\"elementor-section elementor-top-section elementor-element elementor-element-33d89564 elementor-section-height-min-height elementor-section-boxed elementor-section-height-default elementor-section-items-middle\" data-id=\"33d89564\" data-element_type=\"section\" data-e-type=\"section\" data-settings=\"{&quot;background_background&quot;:&quot;gradient&quot;,&quot;shape_divider_bottom&quot;:&quot;waves&quot;}\">\n\t\t\t\t\t\t\t<div class=\"elementor-background-overlay\"><\/div>\n\t\t\t\t\t\t<div class=\"elementor-shape elementor-shape-bottom\" aria-hidden=\"true\" data-negative=\"false\">\n\t\t\t<svg xmlns=\"http:\/\/www.w3.org\/2000\/svg\" viewBox=\"0 0 1000 100\" preserveAspectRatio=\"none\">\n\t<path class=\"elementor-shape-fill\" d=\"M421.9,6.5c22.6-2.5,51.5,0.4,75.5,5.3c23.6,4.9,70.9,23.5,100.5,35.7c75.8,32.2,133.7,44.5,192.6,49.7\n\tc23.6,2.1,48.7,3.5,103.4-2.5c54.7-6,106.2-25.6,106.2-25.6V0H0v30.3c0,0,72,32.6,158.4,30.5c39.2-0.7,92.8-6.7,134-22.4\n\tc21.2-8.1,52.2-18.2,79.7-24.2C399.3,7.9,411.6,7.5,421.9,6.5z\"\/>\n<\/svg>\t\t<\/div>\n\t\t\t\t\t<div class=\"elementor-container elementor-column-gap-default\">\n\t\t\t\t\t<div class=\"elementor-column elementor-col-100 elementor-top-column elementor-element elementor-element-6ad6b56\" data-id=\"6ad6b56\" data-element_type=\"column\" data-e-type=\"column\">\n\t\t\t<div class=\"elementor-widget-wrap elementor-element-populated\">\n\t\t\t\t\t\t<div class=\"elementor-element elementor-element-74d2442 elementor-widget elementor-widget-heading\" data-id=\"74d2442\" data-element_type=\"widget\" data-e-type=\"widget\" data-widget_type=\"heading.default\">\n\t\t\t\t<div class=\"elementor-widget-container\">\n\t\t\t\t\t<p class=\"elementor-heading-title elementor-size-default\">AVISO DE PRIVACIDAD<\/p>\t\t\t\t<\/div>\n\t\t\t\t<\/div>\n\t\t\t\t\t<\/div>\n\t\t<\/div>\n\t\t\t\t\t<\/div>\n\t\t<\/section>\n\t\t\t\t<section class=\"elementor-section elementor-top-section elementor-element elementor-element-2b477abf elementor-section-boxed elementor-section-height-default elementor-section-height-default\" data-id=\"2b477abf\" data-element_type=\"section\" data-e-type=\"section\">\n\t\t\t\t\t\t<div class=\"elementor-container elementor-column-gap-default\">\n\t\t\t\t\t<div class=\"elementor-column elementor-col-100 elementor-top-column elementor-element elementor-element-118d32a3\" data-id=\"118d32a3\" data-element_type=\"column\" data-e-type=\"column\">\n\t\t\t<div class=\"elementor-widget-wrap elementor-element-populated\">\n\t\t\t\t\t\t<div class=\"elementor-element elementor-element-ef3ffbb elementor-widget elementor-widget-text-editor\" data-id=\"ef3ffbb\" data-element_type=\"widget\" data-e-type=\"widget\" data-widget_type=\"text-editor.default\">\n\t\t\t\t<div class=\"elementor-widget-container\">\n\t\t\t\t\t\t\t\t\t<p><strong>CERTUS APLICACIONES DIGITALES, S.A. DE C.V.&nbsp;<\/strong>con domicilio en calle Misioneros No. 2714, Col. San Felipe I, C.P. 31203, en Chihuahua, Chihuahua, n\u00famero telef\u00f3nico: 800-237-8871 y correo electr\u00f3nico&nbsp;<a href=\"mailto:privacidad@certus.mx\">privacidad@certus.mx<\/a>&nbsp;es responsable de recabar y tratar sus datos personales, atendiendo a lo dispuesto por la Ley Federal de Protecci\u00f3n de Datos Personales en Posesi\u00f3n de Particulares, por lo que somete a su disposici\u00f3n el presente aviso de privacidad.<\/p>\n<h2><strong>Datos personales<\/strong><\/h2>\n<p>Los Datos Personales en posesi\u00f3n de&nbsp;<strong>CERTUS APLICACIONES DIGITALES, S.A. DE C.V.&nbsp;<\/strong>ser\u00e1n utilizados para:<\/p>\n<ul>\n<li>\n<ul>\n<li>Proveer productos y prestar servicios consistentes en: contabilidad electr\u00f3nica, cuentas por pagar y por cobrar (sistema de gesti\u00f3n de automatizaci\u00f3n de pagos), facturaci\u00f3n electr\u00f3nica CFDI, facturaci\u00f3n electr\u00f3nica para notarios p\u00fablicos, recibos de n\u00f3mina CFDI, complemento INE 1.1, recibos de honorarios CFDI, complementos fiscales, retenciones fiscales (constancia de retenciones CFDI), adendas CFDI, recepci\u00f3n y validaci\u00f3n de factura electr\u00f3nica, timbrado CFDI de comprobantes digitales, timbrado CFDI m\u00e1s PDF, dem\u00e1s productos y servicios que llegare a proveer y prestar en el futuro, respectivamente.<\/li>\n<\/ul>\n<\/li>\n<\/ul>\n<ul>\n<li>\n<ul>\n<li>Notificarle sobre nuevos servicios o productos que tengan relaci\u00f3n con los ya contratados o adquiridos y comunicarle sobre cambios en los mismos.<\/li>\n<\/ul>\n<\/li>\n<\/ul>\n<ul>\n<li>\n<ul>\n<li>Elaborar estudios y programas que son necesarios para determinar h\u00e1bitos de consumo.<\/li>\n<\/ul>\n<\/li>\n<\/ul>\n<ul>\n<li>\n<ul>\n<li>Realizar evaluaciones peri\u00f3dicas de nuestros productos y servicios a efecto de mejorar la calidad de los mismos y evaluar la calidad del servicio que brindamos.<\/li>\n<\/ul>\n<\/li>\n<\/ul>\n<ul>\n<li>\n<ul>\n<li>En general, para dar cumplimiento a las obligaciones que hemos contra\u00eddo con usted.<\/li>\n<\/ul>\n<\/li>\n<\/ul>\n<h2><strong>Informaci\u00f3n<\/strong><\/h2>\n<p><strong>CERTUS APLICACIONES DIGITALES, S.A. DE C.V.&nbsp;<\/strong>recaba datos personales como nombre, Registro Federal de Contribuyentes (RFC), Clave \u00danica de Registro de Poblaci\u00f3n (CURP), domicilio, tel\u00e9fono, correo electr\u00f3nico, tel\u00e9fono. Los datos de las tarjetas de cr\u00e9dito son requeridos al momento de realizar su pago con dicha opci\u00f3n, pero no se tiene acceso a dichos datos, s\u00f3lo la empresa Stripe. Al ser un Proveedor Autorizado de Certificaci\u00f3n de comprobantes fiscales digitales por internet y consultor en materia de comprobantes fiscales, y para poder brindarle nuestros productos o servicios solicitamos su Firma Electr\u00f3nica Avanzada y\/o Certificado de Sello Digital. De manera eventual y dependiendo de las necesidades espec\u00edficas, se solicita informaci\u00f3n contable y\/o fiscal, informaci\u00f3n acerca de n\u00famero de cuenta bancario y cuenta CLABE, esto \u00faltimo con la finalidad de hacer reposiciones de pagos indebidos. As\u00ed mismo se solicita la informaci\u00f3n fiscal para efectos de facturaci\u00f3n. Se menciona que&nbsp;<strong>CERTUS APLICACIONES DIGITALES, S.A. DE C.V.&nbsp;<\/strong>en ning\u00fan momento y bajo ninguna circunstancia solicita datos personales sensibles.<\/p>\n<p>El titular de los datos personales o su representante legal podr\u00e1 solicitar al responsable, a trav\u00e9s de nuestro Departamento de Datos Personales y\/o correo electr\u00f3nico&nbsp;<a href=\"mailto:privacidad@certus.mx\">privacidad@certus.mx<\/a>, en cualquier momento, el acceso, rectificaci\u00f3n, cancelaci\u00f3n u oposici\u00f3n (ARCO), respecto de los datos personales que le conciernen. Esta solicitud deber\u00e1 de contener:<\/p>\n<ol>\n<li><span style=\"color: var( --e-global-color-text );\">Nombre y domicilio del titular, u otro medio para comunicarle la respuesta a su solicitud,<\/span><\/li>\n<li><span style=\"color: var( --e-global-color-text );\">Adjuntar el documento que acredite su identidad o personalidad,<\/span><\/li>\n<li><span style=\"color: var( --e-global-color-text );\">Descripci\u00f3n clara y precisa de los datos personales respecto de los que se busca ejercer alguno de los derechos antes mencionados y<\/span><\/li>\n<li><span style=\"color: var( --e-global-color-text );\">Cualquier otro elemento o documento que facilite la localizaci\u00f3n de los datos personales.<\/span><\/li>\n<\/ol>\n<p>En el caso de solicitud de rectificaci\u00f3n de datos personales, la solicitud deber\u00e1 indicar las modificaciones a realizarse y aportar la documentaci\u00f3n que sustente su petici\u00f3n. Dicha solicitud deber\u00e1 realizarse mediante escrito que se entregar\u00e1 en el domicilio el cual viene especificado en el apartado correspondiente, o v\u00eda correo electr\u00f3nico. Si se opta por esta segunda opci\u00f3n, el interesado o su representante deber\u00e1n acudir a ratificar el contenido del correo electr\u00f3nico.<\/p>\n<p>En caso de urgencia, el titular de la informaci\u00f3n podr\u00e1 realizar una llamada telef\u00f3nica con el objeto de limitar el uso o divulgaci\u00f3n de sus datos personales. En este caso&nbsp;<strong>CERTUS APLICACIONES DIGITALES, S.A. DE C.V.&nbsp;<\/strong>\u00fanicamente se abstendr\u00e1 de realizar cualquier actividad que incluya sus datos, hasta en tanto el interesado o su representante acuda personalmente a solicitar el ejercicio de sus derechos ARCO. Se hace del conocimiento del titular de los datos que, de manera ocasional, podr\u00eda darse el caso de que sus datos sean requeridos y\/o solicitados por terceros de car\u00e1cter p\u00fablico y\/o privado. De actualizarse lo anterior, la transferencia de datos se har\u00e1 previa consulta y consentimiento expreso del titular de los datos, salvo en trat\u00e1ndose de los supuestos en los que la Ley Federal de Protecci\u00f3n de Datos Personales en Posesi\u00f3n de los Particulares expresamente establece que dicho consentimiento no es necesario. En cualquier caso se har\u00e1 del conocimiento del requirente de los datos el contenido del presente Aviso de Privacidad para que se respete a cabalidad su contenido y alcances.<\/p>\n<h2><strong>Modificaciones<\/strong><\/h2>\n<p>El presente Aviso de Privacidad podr\u00e1 ser modificado en cualquier momento para cumplir con actualizaciones legislativas, jurisprudenciales, pol\u00edticas internas, nuevos requisitos para la prestaci\u00f3n de servicios de&nbsp;<strong>CERTUS APLICACIONES DIGITALES, S.A. DE C.V.<\/strong>&nbsp;o cualquier otra causa a nuestra entera discreci\u00f3n. En tal caso, las modificaciones estar\u00e1n disponibles en nuestro domicilio y p\u00e1gina de internet&nbsp;<a href=\"http:\/\/www.facturehoy.com\/\">www.facturehoy.com<\/a>.<\/p>\n<p><strong>\u00daltima revisi\u00f3n del presente aviso de privacidad 25 de junio de 2025.<\/strong><\/p>\t\t\t\t\t\t\t\t<\/div>\n\t\t\t\t<\/div>\n\t\t\t\t<div class=\"elementor-element elementor-element-ef6605e elementor-widget elementor-widget-spacer\" data-id=\"ef6605e\" data-element_type=\"widget\" data-e-type=\"widget\" data-widget_type=\"spacer.default\">\n\t\t\t\t<div class=\"elementor-widget-container\">\n\t\t\t\t\t\t\t<div class=\"elementor-spacer\">\n\t\t\t<div class=\"elementor-spacer-inner\"><\/div>\n\t\t<\/div>\n\t\t\t\t\t\t<\/div>\n\t\t\t\t<\/div>\n\t\t\t\t\t<\/div>\n\t\t<\/div>\n\t\t\t\t\t<\/div>\n\t\t<\/section>\n\t\t\t\t<section class=\"elementor-section elementor-top-section elementor-element elementor-element-261c8db6 elementor-section-boxed elementor-section-height-default elementor-section-height-default\" data-id=\"261c8db6\" data-element_type=\"section\" data-e-type=\"section\" data-settings=\"{&quot;background_background&quot;:&quot;classic&quot;}\">\n\t\t\t\t\t\t<div class=\"elementor-container elementor-column-gap-default\">\n\t\t\t\t\t<div class=\"elementor-column elementor-col-100 elementor-top-column elementor-element elementor-element-30dd6df6\" data-id=\"30dd6df6\" data-element_type=\"column\" data-e-type=\"column\">\n\t\t\t<div class=\"elementor-widget-wrap elementor-element-populated\">\n\t\t\t\t\t\t<div class=\"elementor-element elementor-element-736f9f30 elementor-fixed elementor-widget elementor-widget-button\" data-id=\"736f9f30\" data-element_type=\"widget\" data-e-type=\"widget\" data-settings=\"{&quot;_position&quot;:&quot;fixed&quot;}\" data-widget_type=\"button.default\">\n\t\t\t\t<div class=\"elementor-widget-container\">\n\t\t\t\t\t\t\t\t\t<div class=\"elementor-button-wrapper\">\n\t\t\t\t\t<a class=\"elementor-button elementor-button-link elementor-size-md elementor-animation-pulse\" href=\"tel:%208153500660\">\n\t\t\t\t\t\t<span class=\"elementor-button-content-wrapper\">\n\t\t\t\t\t\t<span class=\"elementor-button-icon\">\n\t\t\t\t<i aria-hidden=\"true\" class=\"fas fa-phone-alt\"><\/i>\t\t\t<\/span>\n\t\t\t\t\t\t\t\t<\/span>\n\t\t\t\t\t<\/a>\n\t\t\t\t<\/div>\n\t\t\t\t\t\t\t\t<\/div>\n\t\t\t\t<\/div>\n\t\t\t\t\t<\/div>\n\t\t<\/div>\n\t\t\t\t\t<\/div>\n\t\t<\/section>\n\t\t\t\t<\/div>\n\t\t","protected":false},"excerpt":{"rendered":"<p>AVISO DE PRIVACIDAD CERTUS APLICACIONES DIGITALES, S.A. DE C.V.&nbsp;con domicilio en calle Misioneros No. 2714, Col. San Felipe I, C.P. 31203, en Chihuahua, Chihuahua, n\u00famero telef\u00f3nico: 800-237-8871 y correo electr\u00f3nico&nbsp;privacidad@certus.mx&nbsp;es responsable de recabar y tratar sus datos personales, atendiendo a lo dispuesto por la Ley Federal de Protecci\u00f3n de Datos Personales en Posesi\u00f3n de Particulares, [&hellip;]<\/p>\n","protected":false},"author":11,"featured_media":0,"parent":0,"menu_order":0,"comment_status":"closed","ping_status":"closed","template":"elementor_header_footer","meta":{"content-type":"","om_disable_all_campaigns":false,"_uf_show_specific_survey":0,"_uf_disable_surveys":false,"_joinchat":[],"footnotes":""},"class_list":["post-160","page","type-page","status-publish","hentry"],"yoast_head":"<!-- This site is optimized with the Yoast SEO plugin v27.4 - https:\/\/yoast.com\/product\/yoast-seo-wordpress\/ -->\n<title>AVISO DE PRIVACIDAD - FactureHoy<\/title>\n<meta name=\"description\" content=\"Aviso de Privacidad Facturaci\u00f3n Electr\u00f3nica CERTUS APLICACIONES DIGITALES S.A. DE C.V.\u00a0 con n\u00famero de tel\u00e9fono 800-237-8871\" \/>\n<meta name=\"robots\" content=\"index, follow, max-snippet:-1, max-image-preview:large, max-video-preview:-1\" \/>\n<link rel=\"canonical\" href=\"https:\/\/www3.facturehoy.com\/home\/aviso-de-privacidad\/\" \/>\n<meta property=\"og:locale\" content=\"es_ES\" \/>\n<meta property=\"og:type\" content=\"article\" \/>\n<meta property=\"og:title\" content=\"AVISO DE PRIVACIDAD - FactureHoy\" \/>\n<meta property=\"og:description\" content=\"Aviso de Privacidad Facturaci\u00f3n Electr\u00f3nica CERTUS APLICACIONES DIGITALES S.A. DE C.V.\u00a0 con n\u00famero de tel\u00e9fono 800-237-8871\" \/>\n<meta property=\"og:url\" content=\"https:\/\/www3.facturehoy.com\/home\/aviso-de-privacidad\/\" \/>\n<meta property=\"og:site_name\" content=\"FactureHoy\" \/>\n<meta property=\"article:publisher\" content=\"https:\/\/www.facebook.com\/facturehoy\" \/>\n<meta property=\"article:modified_time\" content=\"2025-06-25T23:34:55+00:00\" \/>\n<meta name=\"twitter:card\" content=\"summary_large_image\" \/>\n<meta name=\"twitter:site\" content=\"@FactureHoy\" \/>\n<meta name=\"twitter:label1\" content=\"Tiempo de lectura\" \/>\n\t<meta name=\"twitter:data1\" content=\"4 minutos\" \/>\n<script type=\"application\/ld+json\" class=\"yoast-schema-graph\">{\"@context\":\"https:\\\/\\\/schema.org\",\"@graph\":[{\"@type\":\"WebPage\",\"@id\":\"https:\\\/\\\/www3.facturehoy.com\\\/home\\\/aviso-de-privacidad\\\/\",\"url\":\"https:\\\/\\\/www3.facturehoy.com\\\/home\\\/aviso-de-privacidad\\\/\",\"name\":\"AVISO DE PRIVACIDAD - FactureHoy\",\"isPartOf\":{\"@id\":\"https:\\\/\\\/www3.facturehoy.com\\\/home\\\/#website\"},\"datePublished\":\"2015-06-28T06:48:24+00:00\",\"dateModified\":\"2025-06-25T23:34:55+00:00\",\"description\":\"Aviso de Privacidad Facturaci\u00f3n Electr\u00f3nica CERTUS APLICACIONES DIGITALES S.A. DE C.V.\u00a0 con n\u00famero de tel\u00e9fono 800-237-8871\",\"breadcrumb\":{\"@id\":\"https:\\\/\\\/www3.facturehoy.com\\\/home\\\/aviso-de-privacidad\\\/#breadcrumb\"},\"inLanguage\":\"es\",\"potentialAction\":[{\"@type\":\"ReadAction\",\"target\":[\"https:\\\/\\\/www3.facturehoy.com\\\/home\\\/aviso-de-privacidad\\\/\"]}]},{\"@type\":\"BreadcrumbList\",\"@id\":\"https:\\\/\\\/www3.facturehoy.com\\\/home\\\/aviso-de-privacidad\\\/#breadcrumb\",\"itemListElement\":[{\"@type\":\"ListItem\",\"position\":1,\"name\":\"Portada\",\"item\":\"https:\\\/\\\/www3.facturehoy.com\\\/home\\\/home\\\/\"},{\"@type\":\"ListItem\",\"position\":2,\"name\":\"AVISO DE PRIVACIDAD\"}]},{\"@type\":\"WebSite\",\"@id\":\"https:\\\/\\\/www3.facturehoy.com\\\/home\\\/#website\",\"url\":\"https:\\\/\\\/www3.facturehoy.com\\\/home\\\/\",\"name\":\"FactureHoy\",\"description\":\"Facturar en L\u00ednea\",\"publisher\":{\"@id\":\"https:\\\/\\\/www3.facturehoy.com\\\/home\\\/#organization\"},\"potentialAction\":[{\"@type\":\"SearchAction\",\"target\":{\"@type\":\"EntryPoint\",\"urlTemplate\":\"https:\\\/\\\/www3.facturehoy.com\\\/home\\\/?s={search_term_string}\"},\"query-input\":{\"@type\":\"PropertyValueSpecification\",\"valueRequired\":true,\"valueName\":\"search_term_string\"}}],\"inLanguage\":\"es\"},{\"@type\":\"Organization\",\"@id\":\"https:\\\/\\\/www3.facturehoy.com\\\/home\\\/#organization\",\"name\":\"FactureHoy\",\"url\":\"https:\\\/\\\/www3.facturehoy.com\\\/home\\\/\",\"logo\":{\"@type\":\"ImageObject\",\"inLanguage\":\"es\",\"@id\":\"https:\\\/\\\/www3.facturehoy.com\\\/home\\\/#\\\/schema\\\/logo\\\/image\\\/\",\"url\":\"https:\\\/\\\/www3.facturehoy.com\\\/wp-content\\\/uploads\\\/2019\\\/06\\\/NUEVO-PAGINA-LOGO-Recuperado.png\",\"contentUrl\":\"https:\\\/\\\/www3.facturehoy.com\\\/wp-content\\\/uploads\\\/2019\\\/06\\\/NUEVO-PAGINA-LOGO-Recuperado.png\",\"width\":300,\"height\":250,\"caption\":\"FactureHoy\"},\"image\":{\"@id\":\"https:\\\/\\\/www3.facturehoy.com\\\/home\\\/#\\\/schema\\\/logo\\\/image\\\/\"},\"sameAs\":[\"https:\\\/\\\/www.facebook.com\\\/facturehoy\",\"https:\\\/\\\/x.com\\\/FactureHoy\",\"https:\\\/\\\/www.linkedin.com\\\/company\\\/certus-facturehoy\"]}]}<\/script>\n<!-- \/ Yoast SEO plugin. -->","yoast_head_json":{"title":"AVISO DE PRIVACIDAD - FactureHoy","description":"Aviso de Privacidad Facturaci\u00f3n Electr\u00f3nica CERTUS APLICACIONES DIGITALES S.A. DE C.V.\u00a0 con n\u00famero de tel\u00e9fono 800-237-8871","robots":{"index":"index","follow":"follow","max-snippet":"max-snippet:-1","max-image-preview":"max-image-preview:large","max-video-preview":"max-video-preview:-1"},"canonical":"https:\/\/www3.facturehoy.com\/home\/aviso-de-privacidad\/","og_locale":"es_ES","og_type":"article","og_title":"AVISO DE PRIVACIDAD - FactureHoy","og_description":"Aviso de Privacidad Facturaci\u00f3n Electr\u00f3nica CERTUS APLICACIONES DIGITALES S.A. DE C.V.\u00a0 con n\u00famero de tel\u00e9fono 800-237-8871","og_url":"https:\/\/www3.facturehoy.com\/home\/aviso-de-privacidad\/","og_site_name":"FactureHoy","article_publisher":"https:\/\/www.facebook.com\/facturehoy","article_modified_time":"2025-06-25T23:34:55+00:00","twitter_card":"summary_large_image","twitter_site":"@FactureHoy","twitter_misc":{"Tiempo de lectura":"4 minutos"},"schema":{"@context":"https:\/\/schema.org","@graph":[{"@type":"WebPage","@id":"https:\/\/www3.facturehoy.com\/home\/aviso-de-privacidad\/","url":"https:\/\/www3.facturehoy.com\/home\/aviso-de-privacidad\/","name":"AVISO DE PRIVACIDAD - FactureHoy","isPartOf":{"@id":"https:\/\/www3.facturehoy.com\/home\/#website"},"datePublished":"2015-06-28T06:48:24+00:00","dateModified":"2025-06-25T23:34:55+00:00","description":"Aviso de Privacidad Facturaci\u00f3n Electr\u00f3nica CERTUS APLICACIONES DIGITALES S.A. DE C.V.\u00a0 con n\u00famero de tel\u00e9fono 800-237-8871","breadcrumb":{"@id":"https:\/\/www3.facturehoy.com\/home\/aviso-de-privacidad\/#breadcrumb"},"inLanguage":"es","potentialAction":[{"@type":"ReadAction","target":["https:\/\/www3.facturehoy.com\/home\/aviso-de-privacidad\/"]}]},{"@type":"BreadcrumbList","@id":"https:\/\/www3.facturehoy.com\/home\/aviso-de-privacidad\/#breadcrumb","itemListElement":[{"@type":"ListItem","position":1,"name":"Portada","item":"https:\/\/www3.facturehoy.com\/home\/home\/"},{"@type":"ListItem","position":2,"name":"AVISO DE PRIVACIDAD"}]},{"@type":"WebSite","@id":"https:\/\/www3.facturehoy.com\/home\/#website","url":"https:\/\/www3.facturehoy.com\/home\/","name":"FactureHoy","description":"Facturar en L\u00ednea","publisher":{"@id":"https:\/\/www3.facturehoy.com\/home\/#organization"},"potentialAction":[{"@type":"SearchAction","target":{"@type":"EntryPoint","urlTemplate":"https:\/\/www3.facturehoy.com\/home\/?s={search_term_string}"},"query-input":{"@type":"PropertyValueSpecification","valueRequired":true,"valueName":"search_term_string"}}],"inLanguage":"es"},{"@type":"Organization","@id":"https:\/\/www3.facturehoy.com\/home\/#organization","name":"FactureHoy","url":"https:\/\/www3.facturehoy.com\/home\/","logo":{"@type":"ImageObject","inLanguage":"es","@id":"https:\/\/www3.facturehoy.com\/home\/#\/schema\/logo\/image\/","url":"https:\/\/www3.facturehoy.com\/wp-content\/uploads\/2019\/06\/NUEVO-PAGINA-LOGO-Recuperado.png","contentUrl":"https:\/\/www3.facturehoy.com\/wp-content\/uploads\/2019\/06\/NUEVO-PAGINA-LOGO-Recuperado.png","width":300,"height":250,"caption":"FactureHoy"},"image":{"@id":"https:\/\/www3.facturehoy.com\/home\/#\/schema\/logo\/image\/"},"sameAs":["https:\/\/www.facebook.com\/facturehoy","https:\/\/x.com\/FactureHoy","https:\/\/www.linkedin.com\/company\/certus-facturehoy"]}]}},"rttpg_featured_image_url":null,"rttpg_author":{"display_name":"Miguel Moreno","author_link":"https:\/\/www3.facturehoy.com\/home\/author\/miguel-moreno\/"},"rttpg_comment":0,"rttpg_category":null,"rttpg_excerpt":"AVISO DE PRIVACIDAD CERTUS APLICACIONES DIGITALES, S.A. DE C.V.&nbsp;con domicilio en calle Misioneros No. 2714, Col. San Felipe I, C.P. 31203, en Chihuahua, Chihuahua, n\u00famero telef\u00f3nico: 800-237-8871 y correo electr\u00f3nico&nbsp;privacidad@certus.mx&nbsp;es responsable de recabar y tratar sus datos personales, atendiendo a lo dispuesto por la Ley Federal de Protecci\u00f3n de Datos Personales en Posesi\u00f3n de Particulares,&hellip;","_links":{"self":[{"href":"https:\/\/www3.facturehoy.com\/home\/wp-json\/wp\/v2\/pages\/160","targetHints":{"allow":["GET"]}}],"collection":[{"href":"https:\/\/www3.facturehoy.com\/home\/wp-json\/wp\/v2\/pages"}],"about":[{"href":"https:\/\/www3.facturehoy.com\/home\/wp-json\/wp\/v2\/types\/page"}],"author":[{"embeddable":true,"href":"https:\/\/www3.facturehoy.com\/home\/wp-json\/wp\/v2\/users\/11"}],"replies":[{"embeddable":true,"href":"https:\/\/www3.facturehoy.com\/home\/wp-json\/wp\/v2\/comments?post=160"}],"version-history":[{"count":1,"href":"https:\/\/www3.facturehoy.com\/home\/wp-json\/wp\/v2\/pages\/160\/revisions"}],"predecessor-version":[{"id":47771,"href":"https:\/\/www3.facturehoy.com\/home\/wp-json\/wp\/v2\/pages\/160\/revisions\/47771"}],"wp:attachment":[{"href":"https:\/\/www3.facturehoy.com\/home\/wp-json\/wp\/v2\/media?parent=160"}],"curies":[{"name":"wp","href":"https:\/\/api.w.org\/{rel}","templated":true}]}}