{"id":2410,"date":"2017-12-20T16:59:47","date_gmt":"2017-12-20T22:59:47","guid":{"rendered":"http:\/\/www3.facturehoy.com\/?page_id=2410"},"modified":"2020-08-03T20:34:50","modified_gmt":"2020-08-04T01:34:50","slug":"osiris-sistemas-en-informatica","status":"publish","type":"page","link":"https:\/\/www3.facturehoy.com\/home\/osiris-sistemas-en-informatica\/","title":{"rendered":"Osiris Sistemas en Inform\u00e1tica"},"content":{"rendered":"<div id='av_section_1'  class='avia-section main_color avia-section-small avia-no-shadow  avia-bg-style-scroll  avia-builder-el-0  el_before_av_section  avia-builder-el-first   container_wrap sidebar_right' style='background-color: #2e88e8;  '  ><div class='container' ><main  role=\"main\" itemprop=\"mainContentOfPage\"  class='template-page content  av-content-small alpha units'><div class='post-entry post-entry-type-page post-entry-2410'><div class='entry-content-wrapper clearfix'>\n<div  style='padding-bottom:10px; color:#ffffff;' class='av-special-heading av-special-heading-h2 custom-color-heading blockquote modern-quote modern-centered  avia-builder-el-1  avia-builder-el-no-sibling  '><h2 class='av-special-heading-tag '  itemprop=\"headline\"  >\u00a1Llama ahora! (81) 5350-0660<\/h2><div class='special-heading-border'><div class='special-heading-inner-border' style='border-color:#ffffff'><\/div><\/div><\/div>\n<\/div><\/div><\/main><!-- close content main element --><\/div><\/div><div id='av_section_2'  class='avia-section alternate_color avia-section-large avia-shadow  av-section-color-overlay-active avia-bg-style-scroll  avia-builder-el-2  el_after_av_section  el_before_av_section   container_wrap sidebar_right' style='background-color: #ffffff;  '  ><div class='av-section-color-overlay-wrap'><div class='av-section-color-overlay' style='opacity: 0.5; '><\/div><div class='container' ><div class='template-page content  av-content-small alpha units'><div class='post-entry post-entry-type-page post-entry-2410'><div class='entry-content-wrapper clearfix'>\n<div class='flex_column_table av-equal-height-column-flextable -flextable' ><div class=\"flex_column av_one_fifth  avia-full-stretch flex_column_table_cell av-equal-height-column av-align-top av-zero-column-padding first  avia-builder-el-3  el_before_av_three_fifth  avia-builder-el-first  \" style='border-radius:0px; '><\/div><div class='av-flex-placeholder'><\/div><div class=\"flex_column av_three_fifth  avia-full-stretch flex_column_table_cell av-equal-height-column av-align-top av-zero-column-padding   avia-builder-el-4  el_after_av_one_fifth  el_before_av_one_fifth  \" style='border-radius:0px; '><div  class='avia-image-container  av-styling-    avia-builder-el-5  avia-builder-el-no-sibling  avia-align-center '  itemprop=\"image\" itemscope=\"itemscope\" itemtype=\"https:\/\/schema.org\/ImageObject\"  ><div class='avia-image-container-inner'><div class='avia-image-overlay-wrap'><img fetchpriority=\"high\" fetchpriority=\"high\" decoding=\"async\" class='wp-image-2411 avia-img-lazy-loading-not-2411 avia_image' src=\"https:\/\/www3.facturehoy.com\/wp-content\/uploads\/2017\/12\/logoteOsi.png\" alt='' title='logoteOsi' height=\"735\" width=\"2191\"  itemprop=\"thumbnailUrl\" srcset=\"https:\/\/www3.facturehoy.com\/wp-content\/uploads\/2017\/12\/logoteOsi.png 2191w, https:\/\/www3.facturehoy.com\/wp-content\/uploads\/2017\/12\/logoteOsi-300x101.png 300w, https:\/\/www3.facturehoy.com\/wp-content\/uploads\/2017\/12\/logoteOsi-768x258.png 768w, https:\/\/www3.facturehoy.com\/wp-content\/uploads\/2017\/12\/logoteOsi-1030x346.png 1030w, https:\/\/www3.facturehoy.com\/wp-content\/uploads\/2017\/12\/logoteOsi-1500x503.png 1500w, https:\/\/www3.facturehoy.com\/wp-content\/uploads\/2017\/12\/logoteOsi-705x237.png 705w, https:\/\/www3.facturehoy.com\/wp-content\/uploads\/2017\/12\/logoteOsi-450x151.png 450w\" sizes=\"(max-width: 2191px) 100vw, 2191px\" \/><\/div><\/div><\/div><\/div><div class='av-flex-placeholder'><\/div><div class=\"flex_column av_one_fifth  avia-full-stretch flex_column_table_cell av-equal-height-column av-align-top av-zero-column-padding   avia-builder-el-6  el_after_av_three_fifth  el_before_av_hr  \" style='border-radius:0px; '><\/div><\/div><!--close column table wrapper. Autoclose: 1 --><div  style='height:50px' class='hr hr-invisible   avia-builder-el-7  el_after_av_one_fifth  el_before_av_one_fourth '><span class='hr-inner ' ><span class='hr-inner-style'><\/span><\/span><\/div>\n<div class='flex_column_table av-equal-height-column-flextable -flextable' ><div class=\"flex_column av_one_fourth  avia-full-stretch flex_column_table_cell av-equal-height-column av-align-top av-zero-column-padding first  avia-builder-el-8  el_after_av_hr  el_before_av_one_half  \" style='border-radius:0px; '><\/div><div class='av-flex-placeholder'><\/div><div class=\"flex_column av_one_half  flex_column_table_cell av-equal-height-column av-align-top   avia-builder-el-9  el_after_av_one_fourth  el_before_av_one_fourth  \" style='padding:30px; background-color:rgba(211,211,211,0.83); border-radius:0px; '><form action=\"https:\/\/www3.facturehoy.com\/home\/osiris-sistemas-en-informatica\/\" method=\"post\"  class=\"avia_ajax_form av-form-labels-visible   avia-builder-el-10  avia-builder-el-no-sibling  av-centered-form   \" data-avia-form-id=\"1\" data-avia-redirect=' http:\/\/www3.facturehoy.com\/gracias-por-contactarnos\/' ><h3 class=''>Proporcione los siguientes datos:<\/h3><fieldset><p class='  first_form  form_element form_fullwidth' id='element_avia_1_1'><label for=\"avia_1_1\">Nombre Completo <abbr class=\"required\" title=\"requerido\">*<\/abbr><\/label> <input name=\"avia_1_1\" class=\"text_input is_empty\" type=\"text\" id=\"avia_1_1\" value=\"\" \/><\/p><p class='  first_form  form_element form_fullwidth' id='element_avia_2_1'><label for=\"avia_2_1\">RFC <abbr class=\"required\" title=\"requerido\">*<\/abbr><\/label> <input name=\"avia_2_1\" class=\"text_input is_empty\" type=\"text\" id=\"avia_2_1\" value=\"\" \/><\/p><p class='  first_form  form_element form_fullwidth' id='element_avia_3_1'><label for=\"avia_3_1\">\u00bfCu\u00e1l es el volumen de timbrado de su empresa anualmente? <abbr class=\"required\" title=\"requerido\">*<\/abbr><\/label> <input name=\"avia_3_1\" class=\"text_input is_empty\" type=\"text\" id=\"avia_3_1\" value=\"\" \/><\/p><p class='  first_form  form_element form_fullwidth' id='element_avia_4_1'><label for=\"avia_4_1\">E-Mail <abbr class=\"required\" title=\"requerido\">*<\/abbr><\/label> <input name=\"avia_4_1\" class=\"text_input is_email\" type=\"text\" id=\"avia_4_1\" value=\"\" \/><\/p><p class='  first_form  form_element form_fullwidth' id='element_avia_5_1'><label for=\"avia_5_1\">Tel\u00e9fono <abbr class=\"required\" title=\"requerido\">*<\/abbr><\/label> <input name=\"avia_5_1\" class=\"text_input is_phone\" type=\"text\" id=\"avia_5_1\" value=\"\" \/><\/p><p class='  first_form  form_element form_fullwidth' id='element_avia_6_1'><label for=\"avia_6_1\">Extensi\u00f3n<\/label> <input name=\"avia_6_1\" class=\"text_input \" type=\"text\" id=\"avia_6_1\" value=\"\" \/><\/p><p class='  first_form  form_element form_fullwidth' id='element_avia_7_1'><label for=\"avia_7_1\">Celular <abbr class=\"required\" title=\"requerido\">*<\/abbr><\/label> <input name=\"avia_7_1\" class=\"text_input is_phone\" type=\"text\" id=\"avia_7_1\" value=\"\" \/><\/p><p class=' first_form  form_element form_fullwidth' id='element_avia_8_1'><label for=\"avia_8_1\">\u00bfCu\u00e1l es la versi\u00f3n CFDI que desea utilizar? <abbr class=\"required\" title=\"requerido\">*<\/abbr><\/label> <select  name=\"avia_8_1\" class=\"select is_empty\" id=\"avia_8_1\"><option  value ='CFDI 3.2'>CFDI 3.2<\/option><option  value ='CFDI 3.3'>CFDI 3.3<\/option><\/select><\/p><p class=\"hidden\"><input type=\"text\" name=\"avia_9_1\" class=\"hidden \" id=\"avia_9_1\" value=\"\" \/><\/p><p class='   form_element form_fullwidth' id='element_avia_10_1'><span class='value_verifier_label'>0 + 7 = ?<\/span><input name=\"avia_10_1_verifier\" type=\"hidden\" id=\"avia_10_1_verifier\" value=\"578668777\"\/><label for=\"avia_10_1\">Para mayor seguridad, responde la siguiente pregunta <abbr class=\"required\" title=\"requerido\">*<\/abbr><\/label><input name=\"avia_10_1\" class=\"text_input captcha\" type=\"text\" id=\"avia_10_1\" value=\"\"\/><\/p><p class=\"form_element \"><input type=\"hidden\" value=\"1\" name=\"avia_generated_form1\" \/><input type=\"submit\" value=\"Enviar\" class=\"button\"  data-sending-label=\"Enviando\"\/><\/p><\/fieldset><\/form><div id=\"ajaxresponse_1\" class=\"ajaxresponse ajaxresponse_1 hidden\"><\/div><\/div><div class='av-flex-placeholder'><\/div><div class=\"flex_column av_one_fourth  avia-full-stretch flex_column_table_cell av-equal-height-column av-align-top av-zero-column-padding   avia-builder-el-11  el_after_av_one_half  avia-builder-el-last  \" style='border-radius:0px; '><\/div><\/div><!--close column table wrapper. Autoclose: 1 -->\n<\/p>\n<\/div><\/div><\/div><!-- close content main div --><\/div><\/div><\/div><div id='av_section_3'  class='avia-section main_color avia-section-small avia-no-shadow  avia-bg-style-parallax  avia-builder-el-12  el_after_av_section  el_before_av_section   container_wrap sidebar_right' style='background-color: #ffffff;  '  ><div class='container' ><div class='template-page content  av-content-small alpha units'><div class='post-entry post-entry-type-page post-entry-2410'><div class='entry-content-wrapper clearfix'>\n<div  style='padding-bottom:30px; ' class='av-special-heading av-special-heading-h2  blockquote modern-quote modern-centered  avia-builder-el-13  el_before_av_one_third  avia-builder-el-first  '><h2 class='av-special-heading-tag '  itemprop=\"headline\"  >\u00bfPor qu\u00e9 Facture Hoy?<\/h2><div class='special-heading-border'><div class='special-heading-inner-border' ><\/div><\/div><\/div>\n<div class=\"flex_column av_one_third  flex_column_div av-zero-column-padding first  avia-builder-el-14  el_after_av_heading  el_before_av_one_third  \" style='border-radius:0px; '><br \/>\n<\/p><\/div><div class=\"flex_column av_one_third  flex_column_div av-zero-column-padding   avia-builder-el-17  el_after_av_one_third  el_before_av_one_third  \" style='border-radius:0px; '><br \/>\n<\/p><\/div><div class=\"flex_column av_one_third  flex_column_div av-zero-column-padding   avia-builder-el-20  el_after_av_one_third  avia-builder-el-last  \" style='border-radius:0px; '><br \/>\n<\/p><\/div>\n\n<\/div><\/div><\/div><!-- close content main div --><\/div><\/div><div id='av_section_4'  class='avia-section main_color avia-section-small avia-no-shadow  avia-bg-style-parallax  avia-builder-el-23  el_after_av_section  avia-builder-el-last   container_wrap sidebar_right' style='background-color: #ffffff;  '  ><div class='container' ><div class='template-page content  av-content-small alpha units'><div class='post-entry post-entry-type-page post-entry-2410'><div class='entry-content-wrapper clearfix'>\n\n<div class=\"flex_column av_one_fifth  flex_column_div av-zero-column-padding first  avia-builder-el-25  el_after_av_codeblock  el_before_av_one_fifth  \" style='border-radius:0px; '><\/div><div class=\"flex_column av_one_fifth  flex_column_div av-zero-column-padding   avia-builder-el-26  el_after_av_one_fifth  el_before_av_one_fifth  \" style='border-radius:0px; '><span  class=\"av_font_icon avia_animate_when_visible avia-icon-animate  av-icon-style-  avia-icon-pos-right \" style=\"color:#2e88e8; border-color:#2e88e8;\"><a href='https:\/\/www.facebook.com\/facturehoy\/'   class='av-icon-char' style='font-size:50px;line-height:50px;' aria-hidden='true' data-av_icon='\ue8f4' data-av_iconfont='entypo-fontello' ><\/a><\/span><\/div><div class=\"flex_column av_one_fifth  flex_column_div av-zero-column-padding   avia-builder-el-28  el_after_av_one_fifth  el_before_av_one_fifth  \" style='border-radius:0px; '><span  class=\"av_font_icon avia_animate_when_visible avia-icon-animate  av-icon-style-  avia-icon-pos-center \" style=\"color:#2e88e8; border-color:#2e88e8;\"><a href='https:\/\/twitter.com\/FactureHoy'   class='av-icon-char' style='font-size:50px;line-height:50px;' aria-hidden='true' data-av_icon='\ue8fb' data-av_iconfont='entypo-fontello' ><\/a><\/span><\/div><div class=\"flex_column av_one_fifth  flex_column_div av-zero-column-padding   avia-builder-el-30  el_after_av_one_fifth  el_before_av_one_fifth  \" style='border-radius:0px; '><span  class=\"av_font_icon avia_animate_when_visible avia-icon-animate  av-icon-style-  avia-icon-pos-left \" style=\"color:#2e88e8; border-color:#2e88e8;\"><a href='https:\/\/www.linkedin.com\/company-beta\/16255047\/'   class='av-icon-char' style='font-size:50px;line-height:50px;' aria-hidden='true' data-av_icon='\ue8fd' data-av_iconfont='entypo-fontello' ><\/a><\/span><\/div><div class=\"flex_column av_one_fifth  flex_column_div av-zero-column-padding   avia-builder-el-32  el_after_av_one_fifth  avia-builder-el-last  \" style='border-radius:0px; '><\/div>\n<\/div><\/div><\/div><!-- close content main div --><\/div><\/div><div id='after_section_4'  class='main_color av_default_container_wrap container_wrap sidebar_right' style=' '  ><div class='container' ><div class='template-page content  av-content-small alpha units'><div class='post-entry post-entry-type-page post-entry-2410'><div class='entry-content-wrapper clearfix'>\n<\/div>\n<\/div>\n<\/div>\n<\/div>\n<\/div>\n<\/div>\n<\/div>\n<\/div>\n<\/div>\n<\/div>\n<\/div>\n<\/div>\n","protected":false},"excerpt":{"rendered":"","protected":false},"author":18,"featured_media":0,"parent":0,"menu_order":0,"comment_status":"closed","ping_status":"closed","template":"","meta":{"content-type":"","om_disable_all_campaigns":false,"_uf_show_specific_survey":0,"_uf_disable_surveys":false,"_joinchat":[],"footnotes":""},"class_list":["post-2410","page","type-page","status-publish","hentry"],"yoast_head":"<!-- This site is optimized with the Yoast SEO plugin v27.3 - https:\/\/yoast.com\/product\/yoast-seo-wordpress\/ -->\n<title>Landingpage para clientes de Osiris | Facturehoy | Facturaci\u00f3n Electr\u00f3nica<\/title>\n<meta name=\"description\" content=\"Landingpage para clientes de Osiris para contactarnos. CFDI 3.3. Somos PAC Autorizado por SAT. F\u00e1cil y R\u00e1pido 99.99% Disponibilidad. Seguridad de la informaci\u00f3n, N\u00f3minas, Honorarios, Addendas, Complementos, INE, Comercio Exterior, entre otras y al mejor precio.\" \/>\n<meta name=\"robots\" content=\"index, follow, max-snippet:-1, max-image-preview:large, max-video-preview:-1\" \/>\n<link rel=\"canonical\" href=\"https:\/\/www3.facturehoy.com\/home\/osiris-sistemas-en-informatica\/\" \/>\n<meta property=\"og:locale\" content=\"es_ES\" \/>\n<meta property=\"og:type\" content=\"article\" \/>\n<meta property=\"og:title\" content=\"Landingpage para clientes de Osiris | Facturehoy | Facturaci\u00f3n Electr\u00f3nica\" \/>\n<meta property=\"og:description\" content=\"Landingpage para clientes de Osiris para contactarnos. CFDI 3.3. Somos PAC Autorizado por SAT. F\u00e1cil y R\u00e1pido 99.99% Disponibilidad. Seguridad de la informaci\u00f3n, N\u00f3minas, Honorarios, Addendas, Complementos, INE, Comercio Exterior, entre otras y al mejor precio.\" \/>\n<meta property=\"og:url\" content=\"https:\/\/www3.facturehoy.com\/home\/osiris-sistemas-en-informatica\/\" \/>\n<meta property=\"og:site_name\" content=\"FactureHoy\" \/>\n<meta property=\"article:publisher\" content=\"https:\/\/www.facebook.com\/facturehoy\" \/>\n<meta property=\"article:modified_time\" content=\"2020-08-04T01:34:50+00:00\" \/>\n<meta property=\"og:image\" content=\"http:\/\/www3.facturehoy.com\/wp-content\/uploads\/2017\/05\/PAC.png\" \/>\n<meta name=\"twitter:card\" content=\"summary_large_image\" \/>\n<meta name=\"twitter:site\" content=\"@FactureHoy\" \/>\n<meta name=\"twitter:label1\" content=\"Tiempo de lectura\" \/>\n\t<meta name=\"twitter:data1\" content=\"8 minutos\" \/>\n<script type=\"application\/ld+json\" class=\"yoast-schema-graph\">{\"@context\":\"https:\\\/\\\/schema.org\",\"@graph\":[{\"@type\":\"WebPage\",\"@id\":\"https:\\\/\\\/www3.facturehoy.com\\\/home\\\/osiris-sistemas-en-informatica\\\/\",\"url\":\"https:\\\/\\\/www3.facturehoy.com\\\/home\\\/osiris-sistemas-en-informatica\\\/\",\"name\":\"Landingpage para clientes de Osiris | Facturehoy | Facturaci\u00f3n Electr\u00f3nica\",\"isPartOf\":{\"@id\":\"https:\\\/\\\/www3.facturehoy.com\\\/home\\\/#website\"},\"primaryImageOfPage\":{\"@id\":\"https:\\\/\\\/www3.facturehoy.com\\\/home\\\/osiris-sistemas-en-informatica\\\/#primaryimage\"},\"image\":{\"@id\":\"https:\\\/\\\/www3.facturehoy.com\\\/home\\\/osiris-sistemas-en-informatica\\\/#primaryimage\"},\"thumbnailUrl\":\"http:\\\/\\\/www3.facturehoy.com\\\/wp-content\\\/uploads\\\/2017\\\/05\\\/PAC.png\",\"datePublished\":\"2017-12-20T22:59:47+00:00\",\"dateModified\":\"2020-08-04T01:34:50+00:00\",\"description\":\"Landingpage para clientes de Osiris para contactarnos. CFDI 3.3. Somos PAC Autorizado por SAT. F\u00e1cil y R\u00e1pido 99.99% Disponibilidad. Seguridad de la informaci\u00f3n, N\u00f3minas, Honorarios, Addendas, Complementos, INE, Comercio Exterior, entre otras y al mejor precio.\",\"breadcrumb\":{\"@id\":\"https:\\\/\\\/www3.facturehoy.com\\\/home\\\/osiris-sistemas-en-informatica\\\/#breadcrumb\"},\"inLanguage\":\"es\",\"potentialAction\":[{\"@type\":\"ReadAction\",\"target\":[\"https:\\\/\\\/www3.facturehoy.com\\\/home\\\/osiris-sistemas-en-informatica\\\/\"]}]},{\"@type\":\"ImageObject\",\"inLanguage\":\"es\",\"@id\":\"https:\\\/\\\/www3.facturehoy.com\\\/home\\\/osiris-sistemas-en-informatica\\\/#primaryimage\",\"url\":\"http:\\\/\\\/www3.facturehoy.com\\\/wp-content\\\/uploads\\\/2017\\\/05\\\/PAC.png\",\"contentUrl\":\"http:\\\/\\\/www3.facturehoy.com\\\/wp-content\\\/uploads\\\/2017\\\/05\\\/PAC.png\"},{\"@type\":\"BreadcrumbList\",\"@id\":\"https:\\\/\\\/www3.facturehoy.com\\\/home\\\/osiris-sistemas-en-informatica\\\/#breadcrumb\",\"itemListElement\":[{\"@type\":\"ListItem\",\"position\":1,\"name\":\"Portada\",\"item\":\"https:\\\/\\\/www3.facturehoy.com\\\/home\\\/home\\\/\"},{\"@type\":\"ListItem\",\"position\":2,\"name\":\"Osiris Sistemas en Inform\u00e1tica\"}]},{\"@type\":\"WebSite\",\"@id\":\"https:\\\/\\\/www3.facturehoy.com\\\/home\\\/#website\",\"url\":\"https:\\\/\\\/www3.facturehoy.com\\\/home\\\/\",\"name\":\"FactureHoy\",\"description\":\"Facturar en L\u00ednea\",\"publisher\":{\"@id\":\"https:\\\/\\\/www3.facturehoy.com\\\/home\\\/#organization\"},\"potentialAction\":[{\"@type\":\"SearchAction\",\"target\":{\"@type\":\"EntryPoint\",\"urlTemplate\":\"https:\\\/\\\/www3.facturehoy.com\\\/home\\\/?s={search_term_string}\"},\"query-input\":{\"@type\":\"PropertyValueSpecification\",\"valueRequired\":true,\"valueName\":\"search_term_string\"}}],\"inLanguage\":\"es\"},{\"@type\":\"Organization\",\"@id\":\"https:\\\/\\\/www3.facturehoy.com\\\/home\\\/#organization\",\"name\":\"FactureHoy\",\"url\":\"https:\\\/\\\/www3.facturehoy.com\\\/home\\\/\",\"logo\":{\"@type\":\"ImageObject\",\"inLanguage\":\"es\",\"@id\":\"https:\\\/\\\/www3.facturehoy.com\\\/home\\\/#\\\/schema\\\/logo\\\/image\\\/\",\"url\":\"https:\\\/\\\/www3.facturehoy.com\\\/wp-content\\\/uploads\\\/2019\\\/06\\\/NUEVO-PAGINA-LOGO-Recuperado.png\",\"contentUrl\":\"https:\\\/\\\/www3.facturehoy.com\\\/wp-content\\\/uploads\\\/2019\\\/06\\\/NUEVO-PAGINA-LOGO-Recuperado.png\",\"width\":300,\"height\":250,\"caption\":\"FactureHoy\"},\"image\":{\"@id\":\"https:\\\/\\\/www3.facturehoy.com\\\/home\\\/#\\\/schema\\\/logo\\\/image\\\/\"},\"sameAs\":[\"https:\\\/\\\/www.facebook.com\\\/facturehoy\",\"https:\\\/\\\/x.com\\\/FactureHoy\",\"https:\\\/\\\/www.linkedin.com\\\/company\\\/certus-facturehoy\"]}]}<\/script>\n<!-- \/ Yoast SEO plugin. -->","yoast_head_json":{"title":"Landingpage para clientes de Osiris | Facturehoy | Facturaci\u00f3n Electr\u00f3nica","description":"Landingpage para clientes de Osiris para contactarnos. CFDI 3.3. Somos PAC Autorizado por SAT. F\u00e1cil y R\u00e1pido 99.99% Disponibilidad. Seguridad de la informaci\u00f3n, N\u00f3minas, Honorarios, Addendas, Complementos, INE, Comercio Exterior, entre otras y al mejor precio.","robots":{"index":"index","follow":"follow","max-snippet":"max-snippet:-1","max-image-preview":"max-image-preview:large","max-video-preview":"max-video-preview:-1"},"canonical":"https:\/\/www3.facturehoy.com\/home\/osiris-sistemas-en-informatica\/","og_locale":"es_ES","og_type":"article","og_title":"Landingpage para clientes de Osiris | Facturehoy | Facturaci\u00f3n Electr\u00f3nica","og_description":"Landingpage para clientes de Osiris para contactarnos. CFDI 3.3. Somos PAC Autorizado por SAT. F\u00e1cil y R\u00e1pido 99.99% Disponibilidad. Seguridad de la informaci\u00f3n, N\u00f3minas, Honorarios, Addendas, Complementos, INE, Comercio Exterior, entre otras y al mejor precio.","og_url":"https:\/\/www3.facturehoy.com\/home\/osiris-sistemas-en-informatica\/","og_site_name":"FactureHoy","article_publisher":"https:\/\/www.facebook.com\/facturehoy","article_modified_time":"2020-08-04T01:34:50+00:00","og_image":[{"url":"http:\/\/www3.facturehoy.com\/wp-content\/uploads\/2017\/05\/PAC.png","type":"","width":"","height":""}],"twitter_card":"summary_large_image","twitter_site":"@FactureHoy","twitter_misc":{"Tiempo de lectura":"8 minutos"},"schema":{"@context":"https:\/\/schema.org","@graph":[{"@type":"WebPage","@id":"https:\/\/www3.facturehoy.com\/home\/osiris-sistemas-en-informatica\/","url":"https:\/\/www3.facturehoy.com\/home\/osiris-sistemas-en-informatica\/","name":"Landingpage para clientes de Osiris | Facturehoy | Facturaci\u00f3n Electr\u00f3nica","isPartOf":{"@id":"https:\/\/www3.facturehoy.com\/home\/#website"},"primaryImageOfPage":{"@id":"https:\/\/www3.facturehoy.com\/home\/osiris-sistemas-en-informatica\/#primaryimage"},"image":{"@id":"https:\/\/www3.facturehoy.com\/home\/osiris-sistemas-en-informatica\/#primaryimage"},"thumbnailUrl":"http:\/\/www3.facturehoy.com\/wp-content\/uploads\/2017\/05\/PAC.png","datePublished":"2017-12-20T22:59:47+00:00","dateModified":"2020-08-04T01:34:50+00:00","description":"Landingpage para clientes de Osiris para contactarnos. CFDI 3.3. Somos PAC Autorizado por SAT. F\u00e1cil y R\u00e1pido 99.99% Disponibilidad. Seguridad de la informaci\u00f3n, N\u00f3minas, Honorarios, Addendas, Complementos, INE, Comercio Exterior, entre otras y al mejor precio.","breadcrumb":{"@id":"https:\/\/www3.facturehoy.com\/home\/osiris-sistemas-en-informatica\/#breadcrumb"},"inLanguage":"es","potentialAction":[{"@type":"ReadAction","target":["https:\/\/www3.facturehoy.com\/home\/osiris-sistemas-en-informatica\/"]}]},{"@type":"ImageObject","inLanguage":"es","@id":"https:\/\/www3.facturehoy.com\/home\/osiris-sistemas-en-informatica\/#primaryimage","url":"http:\/\/www3.facturehoy.com\/wp-content\/uploads\/2017\/05\/PAC.png","contentUrl":"http:\/\/www3.facturehoy.com\/wp-content\/uploads\/2017\/05\/PAC.png"},{"@type":"BreadcrumbList","@id":"https:\/\/www3.facturehoy.com\/home\/osiris-sistemas-en-informatica\/#breadcrumb","itemListElement":[{"@type":"ListItem","position":1,"name":"Portada","item":"https:\/\/www3.facturehoy.com\/home\/home\/"},{"@type":"ListItem","position":2,"name":"Osiris Sistemas en Inform\u00e1tica"}]},{"@type":"WebSite","@id":"https:\/\/www3.facturehoy.com\/home\/#website","url":"https:\/\/www3.facturehoy.com\/home\/","name":"FactureHoy","description":"Facturar en L\u00ednea","publisher":{"@id":"https:\/\/www3.facturehoy.com\/home\/#organization"},"potentialAction":[{"@type":"SearchAction","target":{"@type":"EntryPoint","urlTemplate":"https:\/\/www3.facturehoy.com\/home\/?s={search_term_string}"},"query-input":{"@type":"PropertyValueSpecification","valueRequired":true,"valueName":"search_term_string"}}],"inLanguage":"es"},{"@type":"Organization","@id":"https:\/\/www3.facturehoy.com\/home\/#organization","name":"FactureHoy","url":"https:\/\/www3.facturehoy.com\/home\/","logo":{"@type":"ImageObject","inLanguage":"es","@id":"https:\/\/www3.facturehoy.com\/home\/#\/schema\/logo\/image\/","url":"https:\/\/www3.facturehoy.com\/wp-content\/uploads\/2019\/06\/NUEVO-PAGINA-LOGO-Recuperado.png","contentUrl":"https:\/\/www3.facturehoy.com\/wp-content\/uploads\/2019\/06\/NUEVO-PAGINA-LOGO-Recuperado.png","width":300,"height":250,"caption":"FactureHoy"},"image":{"@id":"https:\/\/www3.facturehoy.com\/home\/#\/schema\/logo\/image\/"},"sameAs":["https:\/\/www.facebook.com\/facturehoy","https:\/\/x.com\/FactureHoy","https:\/\/www.linkedin.com\/company\/certus-facturehoy"]}]}},"rttpg_featured_image_url":null,"rttpg_author":{"display_name":"Priscila Marlene Herrera Rios","author_link":"https:\/\/www3.facturehoy.com\/home\/author\/priscila-herrera\/"},"rttpg_comment":0,"rttpg_category":null,"rttpg_excerpt":null,"_links":{"self":[{"href":"https:\/\/www3.facturehoy.com\/home\/wp-json\/wp\/v2\/pages\/2410","targetHints":{"allow":["GET"]}}],"collection":[{"href":"https:\/\/www3.facturehoy.com\/home\/wp-json\/wp\/v2\/pages"}],"about":[{"href":"https:\/\/www3.facturehoy.com\/home\/wp-json\/wp\/v2\/types\/page"}],"author":[{"embeddable":true,"href":"https:\/\/www3.facturehoy.com\/home\/wp-json\/wp\/v2\/users\/18"}],"replies":[{"embeddable":true,"href":"https:\/\/www3.facturehoy.com\/home\/wp-json\/wp\/v2\/comments?post=2410"}],"version-history":[{"count":1,"href":"https:\/\/www3.facturehoy.com\/home\/wp-json\/wp\/v2\/pages\/2410\/revisions"}],"predecessor-version":[{"id":43658,"href":"https:\/\/www3.facturehoy.com\/home\/wp-json\/wp\/v2\/pages\/2410\/revisions\/43658"}],"wp:attachment":[{"href":"https:\/\/www3.facturehoy.com\/home\/wp-json\/wp\/v2\/media?parent=2410"}],"curies":[{"name":"wp","href":"https:\/\/api.w.org\/{rel}","templated":true}]}}